{"id":1014,"date":"2017-01-12T12:49:38","date_gmt":"2017-01-12T12:49:38","guid":{"rendered":"http:\/\/transcrim.pravo.unizg.hr\/?page_id=1014"},"modified":"2017-01-12T14:29:04","modified_gmt":"2017-01-12T14:29:04","slug":"scientific-papers-2016","status":"publish","type":"page","link":"https:\/\/transcrim.pravo.unizg.hr\/index.php\/scientific-papers-2016\/","title":{"rendered":"Scientific Papers 2016"},"content":{"rendered":"<p style=\"text-align: center;\"><img loading=\"lazy\" decoding=\"async\" class=\"alignnone size-full wp-image-467\" src=\"https:\/\/transcrim.pravo.unizg.hr\/wp-content\/uploads\/2016\/01\/HRZZ-LOGO.png\" alt=\"\" width=\"214\" height=\"81\" \/><\/p>\n<p style=\"text-align: center;\"><strong>BAZA ZNANSTVENIH RADOVA<\/strong><\/p>\n<p style=\"text-align: center;\">ZNANSTVENI RADOVI PISANI I OBJAVLJENI U 2016. GODINI U OKVIRU POTPORE HRVATSKE ZAKLADE ZA ZNANOST I ODOBRENOG PROJEKTA POD BR. 1949.<\/p>\n<p style=\"text-align: center;\"><em><strong> \u201cMULTIDISCIPLINARY RESEARCH CLUSTER ON CRIME IN TRANSITION \u2013 TRAFFICKING IN HUMAN BEINGS, CORRUPTION AND ECONOMIC CRIME.\u201d<\/strong><\/em><\/p>\n<p style=\"text-align: left;\"><a href=\"https:\/\/transcrim.pravo.unizg.hr\/wp-content\/uploads\/2017\/01\/Davor-Derencinovic-The-Serbian-War-Crimes-Act-and-quasi-universal-jurisdiction.pdf\">1- Prof.dr.sc. Deren\u010dinovi\u0107, Davor; Becker, Steven W.: The Serbian War Crimes Act and quasi-universal jurisdiction : reflections on an unprecedented jurisdictional experiment, poglavlje u knjizi Visions of justice: liber amicorum Mirjan Dama\u0161ka, Berlin, 2016, Studies in international and European criminal law and procedure, p. 145-162.<\/a><\/p>\n<p><a href=\"https:\/\/transcrim.pravo.unizg.hr\/wp-content\/uploads\/2017\/01\/Marsavelski-Aleksandar-Analiza-na-kaznena-odgovornost.pdf\">2- Dr.sc. Aleksandar Mar\u0161avelski:\u0410\u043d\u0430\u043b\u0438\u0437\u0430 \u043d\u0430 \u043a\u0430\u0437\u043d\u0435\u043d\u0430\u0442\u0430 \u043e\u0434\u0433\u043e\u0432\u043e\u0440\u043d\u043e\u0441\u0442 \u043d\u0430 \u043f\u043e\u043b\u0438\u0442\u0438\u0447\u043a\u0438 \u043f\u0430\u0440\u0442\u0438\u0438 \u043a\u0430\u043a\u043e \u043f\u0440\u0430\u0432\u043d\u0438 \u043b\u0438\u0446\u0430, \u041c\u0430\u043a\u0435\u0434\u043e\u043d\u0441\u043a\u0430 \u0440\u0435\u0432\u0438\u0458\u0430 \u0437\u0430 \u043a\u0430\u0437\u043d\u0435\u043d\u043e \u043f\u0440\u0430\u0432\u043e \u0438 \u043a\u0440\u0438\u043c\u0438\u043d\u043e\u043b\u043e\u0433\u0438\u0458\u0430, (1409-5327) 2 (2016); p.1-26.<\/a><\/p>\n<p><a href=\"https:\/\/transcrim.pravo.unizg.hr\/wp-content\/uploads\/2017\/01\/Munivrana-Prtenjaca-Marsavelski-Nekaznjavanje-zrtava-trgovanja-ljudima.pdf\">3- Dr. sc. Maja Munivrana Vajda, dr. sc. Marta Dragi\u010devi\u0107 Prtenja\u010da i dr. sc. Aleksandar Mar\u0161avelski: Neka\u017enjavanje \u017ertava trgovanja ljudima u hrvatskoj \u2013 pravni standard kao fikcija ili stvarnost, Zbornik radova Pravnog fakulteta u Splitu, god. 53, 4\/2016., str. 991-1009.<\/a><\/p>\n<p><a href=\"https:\/\/transcrim.pravo.unizg.hr\/wp-content\/uploads\/2017\/01\/Vanda-Bozic-Kaznenopravni-problemi-transplantacije.pdf\">4- Dr.sc. Bo\u017ei\u0107 Vanda: Kaznenopravni problemi transplantacije dijelova ljudskog tijela suo\u010deni s ilegalnim tr\u017ei\u0161tem ljudskih organa, Hrestomatija hrvatskoga medicinskog prava, Pravni fakultet Sveu\u010dili\u0161ta u Zagrebu, Zagreb, 2016, Poglavlje u knjizi, Presa\u0111ivanje dijelova ljudskog tijela, str.625-657.<\/a><\/p>\n<p><a href=\"https:\/\/transcrim.pravo.unizg.hr\/wp-content\/uploads\/2017\/01\/Vanda-Bozic-Human-Trafficking.pdf\">5- Dr.sc. Bo\u017ei\u0107 Vanda: Comparative legislative analysis of criminal legislation of the Republic of Croatia and the Republic of Serbia in terms of human trafficking as the most brutal violations of fundamental human rights \/\/ Thematic Conference Proceedings of International Significance \u201cArchibald Reiss Days\u201d Volume 1 (2016); p.261-277.<\/a><\/p>\n<p><a href=\"https:\/\/transcrim.pravo.unizg.hr\/wp-content\/uploads\/2017\/01\/Vanda-Bozic-Labor-exploitation.pdf\">6- Dr.sc. Bo\u017ei\u0107 Vanda: Labor exploitation as the most common form of the crime of trafficking in human beings in spite of the state border control and the labor market, \u201eLegal, social and political control in national, international and EU law\u201c Collection of Papers, Faculty of Law Ni\u0161, 2016, p.335-352.<\/a><\/p>\n<p><a href=\"https:\/\/transcrim.pravo.unizg.hr\/wp-content\/uploads\/2017\/01\/Vanda-Bozic-Suzbijanje-seksualne-eksploatacije.pdf\">7- Dr.sc. Bo\u017ei\u0107 Vanda: Suzbijanje seksualne eksploatacije kao vode\u0107eg oblika trgovanja ljudima u funkciji za\u0161tite prava na \u017eivot i temeljnih ljudskih prava\/\/ Pravni \u017eivot, \u010dasopis za pravnu teoriju i praksu. 9 (2016), 583 1-780; str.267-288.<\/a><\/p>\n<p><a href=\"https:\/\/transcrim.pravo.unizg.hr\/wp-content\/uploads\/2017\/01\/Vanda-Bozic-Suzbijanje-ilegalnih-migracija.pdf\">8- Dr.sc. Bo\u017ei\u0107 Vanda, prof.dr.sc. Nika\u010d \u017deljko: Suzbijanje kaznenih djela ilegalnih migracija na podru\u010dju Regije s posebnim osvrtom na Republiku Hrvatsku i Republiku Srbiju, Pravni fakultet Banja Luka, \u010casopis \u201ePravna rije\u010d\u201c br.48\/16, godina XIII, Banja Luka, 2016, str.193-220.<\/a><\/p>\n<p><a href=\"https:\/\/transcrim.pravo.unizg.hr\/wp-content\/uploads\/2017\/01\/Vanda-Bozic-Koruptivno-kazneno-djelo-davanja-mita.pdf\">9- Dr.sc. Bo\u017ei\u0107 Vanda: Koruptivno kazneno djelo davanja mita kao nezakonita \u201eprotuusluga za uslugu\u201c \/\/ Usluge i uslu\u017ena pravila, Zbornik Pravnog fakulteta u Kragujevcu, Institut za dru\u0161tvene i pravne nauke, (2016), 1; str. 829-846.<\/a><\/p>\n<p><a href=\"https:\/\/transcrim.pravo.unizg.hr\/wp-content\/uploads\/2017\/01\/Vanda-Bozic-Kaznenopravni-odgovori-na-korupciju.pdf\">10- Dr.sc. Bo\u017ei\u0107 Vanda; dr.sc. Kesi\u0107 Tanja: Kaznenopravni odgovori na korupciju uz prijedloge de lege ferenda, Me\u0111unarodna konferencija Evropske integracije, pravda, sloboda i bezbednost, Tara, 2016, Zbornik radova me\u0111unarodne znanstvene konferencije, Tom 1, str.455-483.<\/a><\/p>\n<p><a href=\"https:\/\/transcrim.pravo.unizg.hr\/wp-content\/uploads\/2017\/01\/Vanda-Bozic-Criminal-responsibility-of-legal-person.pdf\">11- Dr.sc. Bo\u017ei\u0107 Vanda, dr.sc. Miljkovi\u0107 Strahinja: Criminal responsibility of legal persons in the legislation Republic of Serbia and the Republic of Croatia,16th International Scientific Conference on Economic and Social Development \u2013 \u201cThe Legal Challenges of Modern World,\u201d Split, 2016, Book of Proceedings, p.170-185.<\/a><\/p>\n<p><a href=\"https:\/\/transcrim.pravo.unizg.hr\/wp-content\/uploads\/2017\/01\/Vanda-Bozic-Gospodarska-kaznena-djela-1.pdf\">12- Dr.sc. Bo\u017ei\u0107 Vanda: Gospodarska kaznena djela u hrvatskom kaznenom zakonodavstvu s posebnim osvrtom na prijevaru u gospodarskom poslovanju kao naju\u010destalijim gospodarskim kaznenim djelom u sudskoj praksi, Srpsko udru\u017eenje za krivi\u010dnopravnu teoriju i praksu, Pravosudna akademija i Institut za uporedno pravo, Zbornik radova, Zlatibor, 2016, str.263-279.<\/a><\/p>\n<p><a href=\"https:\/\/transcrim.pravo.unizg.hr\/wp-content\/uploads\/2017\/01\/Vanda-Bozic-Ukrajina.pdf\">13- Dr.sc. Bo\u017ei\u0107 Vanda, prof.dr.sc. Nika\u010d \u017deljko: International Cooperation of Southeast Europe in the fight against crime, \u041b\u044c\u0432\u0456\u0432\u0441\u044c\u043a\u0438\u0439 \u0434\u0435\u0440\u0436\u0430\u0432\u043d\u0438\u0439 \u0443\u043d\u0456\u0432\u0435\u0440\u0441\u0438\u0442\u0435\u0442 \u0432\u043d\u0443\u0442\u0440\u0456\u0448\u043d\u0456\u0445 \u0441\u043f\u0440\u0430\u0432, Ukraina, Lviv, International scientific conference \u201cTheory and Practice of Law Enforcement Activities,\u201d Conference Proceedings, Lviv, 2016, p.431-443.<\/a><\/p>\n<p><a href=\"https:\/\/transcrim.pravo.unizg.hr\/wp-content\/uploads\/2017\/01\/Vanda-Bozic-Suzbijanje-organiziranog-kriminaliteta.pdf\">14- Dr.sc. Bo\u017ei\u0107 Vanda: Suzbijanje organiziranog kriminaliteta u svjetlu pozitivnog kaznenog zakonodavstva Republike Hrvatske, Me\u0111unarodna konferencija \u201eSuzbijanje orgnizovanog kriminala kao preduslov vladavine prava,\u201c Institut za uporedno pravo, Vr\u0161ac, 2016, Zbornik radova, str. 285-300.<\/a><\/p>\n<p><a href=\"https:\/\/transcrim.pravo.unizg.hr\/wp-content\/uploads\/2017\/01\/Ivana-Jaramaz-Reskusic.pdf\">15- Prof.dr.sc. Ivana Jaramaz Resku\u0161i\u0107: Neki pravno-retori\u010dki aspekti Ciceronovog govora Pro Murena\u201c, Hrvatski ljetopis za kazneno pravo i praksu, god. 23, br. 1, 21016, str. 95-119.<\/a><\/p>\n<p><a href=\"https:\/\/transcrim.pravo.unizg.hr\/wp-content\/uploads\/2017\/01\/Lana-Ofak-Postupci-azila-tzv.-Dublinski-predmeti.pdf\">16- Dr.sc. Lana Ofak, Vesna Ladan: Postupci azila, tzv. Dublinski predmeti, Informator (instruktivno-informativni list za ekonomska i pravna pitanja) &#8211; 64(2016), 6410, str.13-14.<\/a><\/p>\n<p><a href=\"https:\/\/transcrim.pravo.unizg.hr\/wp-content\/uploads\/2017\/01\/Maja-Munivrana-Zlocin-protiv-covjecnosti-kao-izraz-drzavne-politike.pdf\">17- Dr. sc. Maja Munivrana Vajda, Majda Nama\u010dinski: Zlo\u010din protiv \u010dovje\u010dnosti kao izraz dr\u017eavne politike, Godi\u0161njak Akademije pravnih znanosti Hrvatske (1847-7615) VII. (2016), 1; str.142-185.<\/a><\/p>\n<p><a href=\"https:\/\/transcrim.pravo.unizg.hr\/wp-content\/uploads\/2017\/01\/Mudric-Katulic-Regulacija-sustava-bespilotnih-zrakoplova-u-hrvatskom-europskom-i-medunarodnom-pravnom-okviru.pdf\">18- Dr.sc. Mi\u0161o Mudri\u0107, dr.sc. Tihomir Katuli\u0107: Regulacija sustava bespilotnih zrakoplova u hrvatskom, europskom i me\u0111unarodnom pravnom okviru, Pravo u gospodarstvu, vol. 55, br. 1, 2016., str.123-158.<\/a><\/p>\n<p><a href=\"https:\/\/transcrim.pravo.unizg.hr\/wp-content\/uploads\/2017\/01\/Miso-Mudric-Maritime-Security-Editorial-Note-pdf..pdf\">19- Dr.sc. Mi\u0161o Mudri\u0107: Maritime Security: Editorial Note, Croatian International Relations Review, XXII (75) \u2013 2016. (posebni broj o pomorskoj sigurnosti, gost urednik), str. 5-7.<\/a><\/p>\n<p><a href=\"https:\/\/transcrim.pravo.unizg.hr\/wp-content\/uploads\/2017\/01\/Tihomir-Katulic-Safe-Harbour-reform.pdf\">20- Dr.sc. Tihomir Katuli\u0107, dr.sc.Vojkovi\u0107 Goran: From Safe Harbour to European Data Protection Reform, MIPRO 2016, 39th International Convention \/ Petar Biljanovi\u0107 (ur.).Opatija : Croatian Society for Information and Communication Technology, Electronics and Microelectronics &#8211; MIPRO, 2016. p.1694-1698.<\/a><\/p>\n<p><a href=\"https:\/\/transcrim.pravo.unizg.hr\/wp-content\/uploads\/2017\/01\/Davor-Derencinovic-Kazneno.pdf\">21- Prof.emeritus \u017deljko Horvati\u0107, prof.dr.sc. Davor Deren\u010dinovi\u0107, prof.dr.sc.Leo Cvitanovi\u0107: Kazneno pravo-op\u0107i dio I, Pravni fakultet Sveu\u010dili\u0161ta u Zagrebu, 2016, 184.str.<\/a><\/p>\n<p><strong>Book of Abstracts:<br \/>\n<\/strong><br \/>\n<a href=\"https:\/\/transcrim.pravo.unizg.hr\/wp-content\/uploads\/2017\/01\/Vanda-Bozic-BA-Ohrid.pdf\">22- Dr.sc. Bo\u017ei\u0107 Vanda: Steps towards combating trafficking in human organs in South Eastern Europe, with particular reference to the case of &#8220;Kosovo&#8221;, 7th International scientific conference \u201eContemporary Trends in Social Control of Crime,\u201c Ohrid, Macedonia, 2016, Book of abstracts, p.62.<\/a><\/p>\n<p><a href=\"https:\/\/transcrim.pravo.unizg.hr\/wp-content\/uploads\/2017\/01\/Vanda-Bozic-BA-Labor-1.pdf\">23- Dr.sc. Bo\u017ei\u0107 Vanda: Labor exploitation as the most common form of the crime of trafficking in human beings in spite of the state border control and the labor market, International scientific conference, \u201eLegal, social and political control in national, international and EU law\u201c, Faculty of Law Ni\u0161, Book of abstracts, 2016, p.86-87.<\/a><\/p>\n<p><a href=\"https:\/\/transcrim.pravo.unizg.hr\/wp-content\/uploads\/2017\/01\/Vanda-Bozic-BA-Split.pdf\">24- Dr.sc. Bo\u017ei\u0107 Vanda, dr.sc. Miljkovi\u0107 Strahinja: Criminal responsibility of legal persons in the legislation Republic of Serbia and the Republic of Croatia,16th International Scientific Conference on Economic and Social Development \u2013 \u201cThe Legal Challenges of Modern World,\u201d Split, 2016, Book of Abstracts, p.18.<\/a><\/p>\n","protected":false},"excerpt":{"rendered":"<p>BAZA ZNANSTVENIH RADOVA ZNANSTVENI RADOVI PISANI I OBJAVLJENI U 2016. GODINI U OKVIRU POTPORE HRVATSKE ZAKLADE ZA ZNANOST I ODOBRENOG PROJEKTA POD BR. 1949. \u201cMULTIDISCIPLINARY RESEARCH CLUSTER ON CRIME IN TRANSITION \u2013 TRAFFICKING IN HUMAN BEINGS, CORRUPTION AND ECONOMIC CRIME.\u201d 1- Prof.dr.sc. Deren\u010dinovi\u0107, Davor; Becker, Steven W.: The Serbian War Crimes Act and quasi-universal jurisdiction&#8230;<\/p>\n","protected":false},"author":2,"featured_media":0,"parent":0,"menu_order":0,"comment_status":"closed","ping_status":"closed","template":"","meta":{"footnotes":""},"_links":{"self":[{"href":"https:\/\/transcrim.pravo.unizg.hr\/index.php\/wp-json\/wp\/v2\/pages\/1014"}],"collection":[{"href":"https:\/\/transcrim.pravo.unizg.hr\/index.php\/wp-json\/wp\/v2\/pages"}],"about":[{"href":"https:\/\/transcrim.pravo.unizg.hr\/index.php\/wp-json\/wp\/v2\/types\/page"}],"author":[{"embeddable":true,"href":"https:\/\/transcrim.pravo.unizg.hr\/index.php\/wp-json\/wp\/v2\/users\/2"}],"replies":[{"embeddable":true,"href":"https:\/\/transcrim.pravo.unizg.hr\/index.php\/wp-json\/wp\/v2\/comments?post=1014"}],"version-history":[{"count":0,"href":"https:\/\/transcrim.pravo.unizg.hr\/index.php\/wp-json\/wp\/v2\/pages\/1014\/revisions"}],"wp:attachment":[{"href":"https:\/\/transcrim.pravo.unizg.hr\/index.php\/wp-json\/wp\/v2\/media?parent=1014"}],"curies":[{"name":"wp","href":"https:\/\/api.w.org\/{rel}","templated":true}]}}