{"id":596,"date":"2016-01-26T17:06:02","date_gmt":"2016-01-26T17:06:02","guid":{"rendered":"http:\/\/transcrim.pravo.unizg.hr\/?page_id=596"},"modified":"2016-01-26T20:19:27","modified_gmt":"2016-01-26T20:19:27","slug":"trafdata2","status":"publish","type":"page","link":"https:\/\/transcrim.pravo.unizg.hr\/index.php\/trafdata2\/","title":{"rendered":"<h3>Database on THB and Development of Quantitative Indicators for Evaluating Implementation of THB Policies<\/h3>"},"content":{"rendered":"<br \/>\n<table border=\"0\" width=\"80%\">\n<tbody>\n<tr>\n<td>\n<table border=\"0\" width=\"200\" align=\"right\">\n<tbody>\n<tr>\n<td style=\"text-align: center;\" width=\"60\">\u00a0<a href=\"https:\/\/transcrim.pravo.unizg.hr\/index.php\/trafdata\/\">Previous<\/a><\/td>\n<td style=\"text-align: center;\" width=\"40\"><a href=\"https:\/\/transcrim.pravo.unizg.hr\/index.php\/trafdata\/\"><img loading=\"lazy\" decoding=\"async\" class=\"wp-image-583 size-full aligncenter\" src=\"https:\/\/transcrim.pravo.unizg.hr\/wp-content\/uploads\/2016\/01\/panel_left_over-e1453826653583.png\" alt=\"panel_left_over\" width=\"20\" height=\"20\" \/><\/a><\/td>\n<td style=\"text-align: center;\" width=\"40\"><a href=\"https:\/\/transcrim.pravo.unizg.hr\/index.php\/trafdata3\/\"><img loading=\"lazy\" decoding=\"async\" class=\"size-full wp-image-584 aligncenter\" src=\"https:\/\/transcrim.pravo.unizg.hr\/wp-content\/uploads\/2016\/01\/panel_right_over-e1453826639441.png\" alt=\"panel_right_over\" width=\"20\" height=\"20\" \/><\/a><\/td>\n<td style=\"text-align: left;\" width=\"60\">\u00a0<a href=\"https:\/\/transcrim.pravo.unizg.hr\/index.php\/trafdata3\/\">Next<\/a><\/td>\n<\/tr>\n<\/tbody>\n<\/table>\n<\/td>\n<\/tr>\n<tr>\n<td>\u00a0\u00a0\u00a0<h2 id=\"tablepress-6-name\" class=\"tablepress-table-name tablepress-table-name-id-6\"><h5>Broj\u010dano stanje zate\u010denih i prijavljenih osoba u ilegalnom prijelazu dr\u017eavne granice te utvr\u0111enih kaznenih djela protuzakonitog prebacivanja osoba preko dr\u017eavne granice od 2007 do 2010 godine<\/h5><\/h2>\n\n<table id=\"tablepress-6\" class=\"tablepress tablepress-id-6\" aria-labelledby=\"tablepress-6-name\">\n<thead>\n<tr class=\"row-1 odd\">\n\t<th class=\"column-1\">Godina<\/th><th class=\"column-2\">\u010clanak 177. KZ, kazneno djelo protuzakonitog prebacivanja osoba preko dr\u009e\u017eavne granice<\/th><th class=\"column-3\">Prijavljeni krijum\u010dari<\/th><th class=\"column-4\">Osobe zate\u010dene u ilegalnom prelasku<\/th>\n<\/tr>\n<\/thead>\n<tbody class=\"row-hover\">\n<tr class=\"row-2 even\">\n\t<td class=\"column-1\">2010.<\/td><td class=\"column-2\">89<\/td><td class=\"column-3\">81<\/td><td class=\"column-4\">1948<\/td>\n<\/tr>\n<tr class=\"row-3 odd\">\n\t<td class=\"column-1\">2009.<\/td><td class=\"column-2\">136<\/td><td class=\"column-3\">126<\/td><td class=\"column-4\">1546<\/td>\n<\/tr>\n<tr class=\"row-4 even\">\n\t<td class=\"column-1\">2008.<\/td><td class=\"column-2\">214<\/td><td class=\"column-3\">189<\/td><td class=\"column-4\">2013<\/td>\n<\/tr>\n<tr class=\"row-5 odd\">\n\t<td class=\"column-1\">2007.<\/td><td class=\"column-2\">464<\/td><td class=\"column-3\">339<\/td><td class=\"column-4\">4000<\/td>\n<\/tr>\n<\/tbody>\n<\/table>\n<!-- #tablepress-6 from cache --><\/td>\n<\/tr>\n<tr>\n<td>\u00a0\u00a0<div class=\"center  wp-chart-wrap\" style=\"max-width: 100%; width:460px; height:230px;margin:5px;\" data-proportion=\"2\"><canvas id=\"Chart\" height=\"230px\" width=\"460px\" class=\"wp_charts_canvas\" data-proportion=\"2\"><\/canvas><\/div>\n\t<script type=\"text\/javascript\">var ChartOps = {\n\t\tanimation: true,scaleFontSize: 12,scaleFontColor: \"#666\",scaleOverride:false,scaleSteps:50,scaleStepWidth:10,scaleStartValue:0}; var ChartData = {labels : [\"2007\",\"2008\",\"2009\",\"2010\"],datasets : [{\n\t\t\t\t\tfillColor \t: \"rgba(105,210,231,0.7)\",\n\t\t\t\t\tstrokeColor : \"rgba(105,210,231,1)\",\n\t\t\t\t\tdata \t\t: [89,136,214,464]\n\t\t\t\t},{\n\t\t\t\t\tfillColor \t: \"rgba(224,228,204,0.7)\",\n\t\t\t\t\tstrokeColor : \"rgba(224,228,204,1)\",\n\t\t\t\t\tdata \t\t: [81,126,189,339]\n\t\t\t\t},{\n\t\t\t\t\tfillColor \t: \"rgba(243,134,48,0.7)\",\n\t\t\t\t\tstrokeColor : \"rgba(243,134,48,1)\",\n\t\t\t\t\tdata \t\t: [1948,1546,2013,4000]\n\t\t\t\t}]};\n         window.wp_charts = window.wp_charts || {};\n\t     window.wp_charts[\"Chart\"] = { options: ChartOps, data: ChartData, type: \"Bar\" };\n\n\t<\/script><\/td>\n<\/tr>\n<\/tbody>\n<\/table>\n<br \/>\n","protected":false},"excerpt":{"rendered":"<p>\u00a0Previous \u00a0Next \u00a0\u00a0\u00a0 \u00a0\u00a0<\/p>\n","protected":false},"author":2,"featured_media":0,"parent":0,"menu_order":0,"comment_status":"closed","ping_status":"closed","template":"","meta":{"footnotes":""},"_links":{"self":[{"href":"https:\/\/transcrim.pravo.unizg.hr\/index.php\/wp-json\/wp\/v2\/pages\/596"}],"collection":[{"href":"https:\/\/transcrim.pravo.unizg.hr\/index.php\/wp-json\/wp\/v2\/pages"}],"about":[{"href":"https:\/\/transcrim.pravo.unizg.hr\/index.php\/wp-json\/wp\/v2\/types\/page"}],"author":[{"embeddable":true,"href":"https:\/\/transcrim.pravo.unizg.hr\/index.php\/wp-json\/wp\/v2\/users\/2"}],"replies":[{"embeddable":true,"href":"https:\/\/transcrim.pravo.unizg.hr\/index.php\/wp-json\/wp\/v2\/comments?post=596"}],"version-history":[{"count":0,"href":"https:\/\/transcrim.pravo.unizg.hr\/index.php\/wp-json\/wp\/v2\/pages\/596\/revisions"}],"wp:attachment":[{"href":"https:\/\/transcrim.pravo.unizg.hr\/index.php\/wp-json\/wp\/v2\/media?parent=596"}],"curies":[{"name":"wp","href":"https:\/\/api.w.org\/{rel}","templated":true}]}}