{"id":76,"date":"2015-07-14T14:47:56","date_gmt":"2015-07-14T14:47:56","guid":{"rendered":"http:\/\/transcrim.pravo.unizg.hr\/?page_id=76"},"modified":"2016-01-26T15:54:43","modified_gmt":"2016-01-26T15:54:43","slug":"legal-framework","status":"publish","type":"page","link":"https:\/\/transcrim.pravo.unizg.hr\/index.php\/legal-framework\/","title":{"rendered":"Legal framework"},"content":{"rendered":"<p><strong>NATIONAL LEGAL FRAMEWORK\u00a0FOR HUMAN TRAFFICKING<\/strong><\/p>\n<ul>\n<ul>\n<li><a href=\"https:\/\/transcrim.pravo.unizg.hr\/wp-content\/uploads\/2015\/legislation\/Kazneni-zakon-NN-br.-125-11-144-12-56-15-61-15.pdf\">Kazneni zakon<\/a> (NN 110\/97, 27\/98, 129\/00, 51\/01 i 105\/04, 84\/05, 71\/06 i 152\/08, 125\/11,144\/12, 56\/15, 61\/15)<img loading=\"lazy\" decoding=\"async\" class=\"size-full wp-image-414 alignnone\" src=\"https:\/\/transcrim.pravo.unizg.hr\/wp-content\/uploads\/2015\/11\/pdf_icon.gif\" alt=\"pdf_icon\" width=\"35\" height=\"17\" \/><\/li>\n<li><a href=\"https:\/\/transcrim.pravo.unizg.hr\/wp-content\/uploads\/2015\/legislation\/Zakon-o-kaznenom-postupku-NN-br.145-13.pdf\">Zakon o kaznenom postupku<\/a> (NN 110\/97, 27\/98, 58\/99, 112\/99, 62\/03, 58\/02, 143\/02, 115\/06,152\/08, 76\/09, 80\/11, 121\/11, 91\/12,143\/12, 56\/13, 145\/13, <a href=\"https:\/\/transcrim.pravo.unizg.hr\/wp-content\/uploads\/2015\/legislation\/Zakon-o-izmjenama-zakona-o-kaznenom-postupku-NN-br.-143-14.pdf\">152\/14<\/a>)\u00a0<img loading=\"lazy\" decoding=\"async\" class=\"size-full wp-image-414 alignnone\" src=\"https:\/\/transcrim.pravo.unizg.hr\/wp-content\/uploads\/2015\/11\/pdf_icon.gif\" alt=\"pdf_icon\" width=\"35\" height=\"17\" \/><\/li>\n<li><a href=\"https:\/\/transcrim.pravo.unizg.hr\/wp-content\/uploads\/2015\/legislation\/Zakon-o-USKOK-u-NN-br.-148-13.pdf\">Zakon o USKOK-u<\/a> (NN 88\/01, 12\/02, 33\/05, 48\/05, 76\/0, 76\/09, 116\/10, 145\/10, 57\/11, 136\/12,148\/13)\u00a0<img loading=\"lazy\" decoding=\"async\" class=\"size-full wp-image-414 alignnone\" src=\"https:\/\/transcrim.pravo.unizg.hr\/wp-content\/uploads\/2015\/11\/pdf_icon.gif\" alt=\"pdf_icon\" width=\"35\" height=\"17\" \/><\/li>\n<li><a href=\"https:\/\/transcrim.pravo.unizg.hr\/wp-content\/uploads\/2015\/legislation\/Zakon-o-sudovima-za-mlade\u017e-NN-br.148-13.pdf\">Zakon o sudovima za mlade\u017e<\/a> (NN 111\/97, 27\/98, 12\/02, 84\/11, 143\/12, 148\/13, <a href=\"https:\/\/transcrim.pravo.unizg.hr\/wp-content\/uploads\/2015\/legislation\/Zakon-o-izmjenama-zakona-o-sudov-ima-za-mlade\u017e-NN-br.-56-15.pdf\">56\/15<\/a>)\u00a0<img loading=\"lazy\" decoding=\"async\" class=\"size-full wp-image-414 alignnone\" src=\"https:\/\/transcrim.pravo.unizg.hr\/wp-content\/uploads\/2015\/11\/pdf_icon.gif\" alt=\"pdf_icon\" width=\"35\" height=\"17\" \/><\/li>\n<li><a href=\"https:\/\/transcrim.pravo.unizg.hr\/wp-content\/uploads\/2015\/legislation\/Zakon-o-odgovornosti-pravnih-osoba-za-kaznena-djela-NN-br.-151-03.pdf\">Zakon o odgovornosti pravnih osoba za kaznena djela<\/a> (NN 151\/03, <a href=\"https:\/\/transcrim.pravo.unizg.hr\/wp-content\/uploads\/2015\/legislation\/Zakon-o-izmjenama-zakona-o-odgovornosti-pravnih-osoba-za-kaznena-djela-NN-br.-110-07.pdf\">110\/07<\/a>,<a href=\"https:\/\/transcrim.pravo.unizg.hr\/wp-content\/uploads\/2015\/legislation\/Zakon-o-izmjenama-zakona-o-odgovornosti-pravnih-osoba-za-kaznena-djela-NN-br.45-11.pdf\">45\/11<\/a>,<a href=\"https:\/\/transcrim.pravo.unizg.hr\/wp-content\/uploads\/2015\/legislation\/Zakon-o-izmjenama-zakona-o-odgovornosti-pravnih-osoba-za-kaznena-djela-NN-br.-143-12.pdf\">143\/12<\/a>)\u00a0<img loading=\"lazy\" decoding=\"async\" class=\"size-full wp-image-414 alignnone\" src=\"https:\/\/transcrim.pravo.unizg.hr\/wp-content\/uploads\/2015\/11\/pdf_icon.gif\" alt=\"pdf_icon\" width=\"35\" height=\"17\" \/><\/li>\n<li><a href=\"https:\/\/transcrim.pravo.unizg.hr\/wp-content\/uploads\/2015\/legislation\/Zakon-o-za\u0161titi-svjedoka-NN-br.163-03.pdf\">Zakon o za\u0161titi svjedoka<\/a> (NN 163\/03, <a href=\"https:\/\/transcrim.pravo.unizg.hr\/wp-content\/uploads\/2015\/legislation\/Zakon-o-izmjenama-zakona-o-zas-titi-svjedoka-NN-br.-18-11.pdf\">18\/11<\/a>)\u00a0<img loading=\"lazy\" decoding=\"async\" class=\"size-full wp-image-414 alignnone\" src=\"https:\/\/transcrim.pravo.unizg.hr\/wp-content\/uploads\/2015\/11\/pdf_icon.gif\" alt=\"pdf_icon\" width=\"35\" height=\"17\" \/><\/li>\n<li><a href=\"https:\/\/transcrim.pravo.unizg.hr\/wp-content\/uploads\/2015\/legislation\/Zakon-o-strancima-NN-br.74-13.pdf\">Zakon o strancima<\/a> (NN 79\/07, 36\/09, 130\/11, 74\/13)\u00a0<img loading=\"lazy\" decoding=\"async\" class=\"size-full wp-image-414 alignnone\" src=\"https:\/\/transcrim.pravo.unizg.hr\/wp-content\/uploads\/2015\/11\/pdf_icon.gif\" alt=\"pdf_icon\" width=\"35\" height=\"17\" \/><\/li>\n<li><a href=\"https:\/\/transcrim.pravo.unizg.hr\/wp-content\/uploads\/2015\/legislation\/Zakon-o-sprjecavanju-pranja-novca-i-f-inanciranja-terorizma-NN-br.87-08.pdf\">Zakon o spre\u010davanju pranja novca<\/a> (NN 69\/97, 106\/97, 114\/01, 117\/03, 142\/03, 189\/03, 87\/08, <a href=\"https:\/\/transcrim.pravo.unizg.hr\/wp-content\/uploads\/2015\/legislation\/Zakon-o-izmjenama-zakona-o-sprje\u010davanju-pranja-novca-i-financiranja-terorizma-NN-br.-25-12.pdf\">25\/12<\/a>)\u00a0<img loading=\"lazy\" decoding=\"async\" class=\"size-full wp-image-414 alignnone\" src=\"https:\/\/transcrim.pravo.unizg.hr\/wp-content\/uploads\/2015\/11\/pdf_icon.gif\" alt=\"pdf_icon\" width=\"35\" height=\"17\" \/><\/li>\n<li><a href=\"https:\/\/transcrim.pravo.unizg.hr\/wp-content\/uploads\/2015\/legislation\/Zakon-o-meunarodnoj-pravnoj-pomoci-u-kaznenim-stvarima-NN-br.78-04.pdf\">Zakon o me\u0111unarodnoj pravnoj pomo\u0107i u kaznenim stvarima<\/a> (NN 178\/04)\u00a0<img loading=\"lazy\" decoding=\"async\" class=\"size-full wp-image-414 alignnone\" src=\"https:\/\/transcrim.pravo.unizg.hr\/wp-content\/uploads\/2015\/11\/pdf_icon.gif\" alt=\"pdf_icon\" width=\"35\" height=\"17\" \/><\/li>\n<li><a href=\"https:\/\/transcrim.pravo.unizg.hr\/wp-content\/uploads\/2015\/legislation\/Zakon-o-novcanoj-naknadi-zrtva-ma-kaznenih-djela-NN-80-08.pdf\">Zakon o nov\u010danoj naknadi \u017ertvama kaznenih djela<\/a> (NN 80\/08, <a href=\"https:\/\/transcrim.pravo.unizg.hr\/wp-content\/uploads\/2015\/legislation\/Zakon-o-izmjenama-zakona-o-novcanoj-nakn-adi-\u017ertvama-kaznenih-djela-NN-27-11.pdf\">27\/11<\/a>)\u00a0<img loading=\"lazy\" decoding=\"async\" class=\"size-full wp-image-414 alignnone\" src=\"https:\/\/transcrim.pravo.unizg.hr\/wp-content\/uploads\/2015\/11\/pdf_icon.gif\" alt=\"pdf_icon\" width=\"35\" height=\"17\" \/><\/li>\n<li><a href=\"https:\/\/transcrim.pravo.unizg.hr\/wp-content\/uploads\/2015\/07\/Zakon-o-me\u0111unarodnoj-i-privremenoj-za\u0161titi.pdf\">Zakon o me\u0111unarodnoj i privremenoj za\u0161titi <\/a>(NN 70\/15)\u00a0<img loading=\"lazy\" decoding=\"async\" class=\"size-full wp-image-414 alignnone\" src=\"https:\/\/transcrim.pravo.unizg.hr\/wp-content\/uploads\/2015\/11\/pdf_icon.gif\" alt=\"pdf_icon\" width=\"35\" height=\"17\" \/><\/li>\n<\/ul>\n<\/ul>\n<p><strong>INTERNATIONAL LEGAL FRAMEWORK FOR HUMAN TRAFFICKING<\/strong><\/p>\n<ul>\n<li><a href=\"https:\/\/transcrim.pravo.unizg.hr\/wp-content\/uploads\/2015\/legislation\/Resolution-on-trafficking-in-human-beings.pdf\">Rezolucija o suzbijanju trgovanja ljudima<\/a><img loading=\"lazy\" decoding=\"async\" class=\"size-full wp-image-414 alignnone\" src=\"https:\/\/transcrim.pravo.unizg.hr\/wp-content\/uploads\/2015\/11\/pdf_icon.gif\" alt=\"pdf_icon\" width=\"35\" height=\"17\" \/><\/li>\n<li><a href=\"https:\/\/transcrim.pravo.unizg.hr\/wp-content\/uploads\/2015\/legislation\/The-Hague-Ministerial-Declaration-on-European-Guidelines-for-Effective-Measures-to-Prevent-and-Combat-Trafficking-in-Women-for-the-Purpose-of-Sexual-Exploitation.pdf\">Haa\u0161ka ministarska\u00a0 deklaracija o Europskim smjernicama za u\u010dinkovite mjere za prevenciju trgovanja \u017eenama u svrhu seksualne eksploatacije<\/a><img loading=\"lazy\" decoding=\"async\" class=\"size-full wp-image-414 alignnone\" src=\"https:\/\/transcrim.pravo.unizg.hr\/wp-content\/uploads\/2015\/11\/pdf_icon.gif\" alt=\"pdf_icon\" width=\"35\" height=\"17\" \/><\/li>\n<li><a href=\"https:\/\/transcrim.pravo.unizg.hr\/wp-content\/uploads\/2015\/legislation\/Zakon-o-potvrivanju-Konvencije-U-jedinjenih-naroda-protiv-transnacionalnoga-organiziranog-kriminaliteta-i-II-Protokola-NN-br.14-02.pdf\">Konvencija UN protiv transnacionalnog organiziranog kriminaliteta i Protokol za sprje\u010davanje, suzbijanje i ka\u017enjavanje trgovanja ljudima, posebice \u017eena i djece<\/a><img loading=\"lazy\" decoding=\"async\" class=\"size-full wp-image-414 alignnone\" src=\"https:\/\/transcrim.pravo.unizg.hr\/wp-content\/uploads\/2015\/11\/pdf_icon.gif\" alt=\"pdf_icon\" width=\"35\" height=\"17\" \/><\/li>\n<li><a href=\"https:\/\/transcrim.pravo.unizg.hr\/wp-content\/uploads\/2015\/legislation\/Council-Framework-Decision-of-19-July-2002-on-combating-trafficking-in-human-beings.pdf\">Okvirna odluka Vije\u0107a Europske Unije o suzbijanju trgovanja ljudima od 19.07.2002.g.<\/a><img loading=\"lazy\" decoding=\"async\" class=\"size-full wp-image-414 alignnone\" src=\"https:\/\/transcrim.pravo.unizg.hr\/wp-content\/uploads\/2015\/11\/pdf_icon.gif\" alt=\"pdf_icon\" width=\"35\" height=\"17\" \/><\/li>\n<li><a href=\"https:\/\/transcrim.pravo.unizg.hr\/wp-content\/uploads\/2015\/legislation\/Brussels-Declaration-on-Preventing-and-Combating-Trafficking.pdf\">Briselska deklaracija o sprje\u010davanju i borbi protiv trgovanja ljudima<\/a><img loading=\"lazy\" decoding=\"async\" class=\"size-full wp-image-414 alignnone\" src=\"https:\/\/transcrim.pravo.unizg.hr\/wp-content\/uploads\/2015\/11\/pdf_icon.gif\" alt=\"pdf_icon\" width=\"35\" height=\"17\" \/><\/li>\n<li>Operativni plan Europske Unije za prevenciju i suzbijanje trgovanja ljudima<\/li>\n<li><a href=\"https:\/\/transcrim.pravo.unizg.hr\/wp-content\/uploads\/2015\/legislation\/Council-of-Europe-Convention-on-Action-against-Trafficking-in-Human-Beings.pdf\">Konvencija Vije\u0107a Europe o suzbijanju trgovanja ljudima<\/a><img loading=\"lazy\" decoding=\"async\" class=\"size-full wp-image-414 alignnone\" src=\"https:\/\/transcrim.pravo.unizg.hr\/wp-content\/uploads\/2015\/11\/pdf_icon.gif\" alt=\"pdf_icon\" width=\"35\" height=\"17\" \/><\/li>\n<li><a href=\"https:\/\/transcrim.pravo.unizg.hr\/wp-content\/uploads\/2015\/legislation\/Declaration-of-Istanbul.pdf\">Istanbulska deklaracija o trgovanju organima i transplantacijskom turizmu<\/a><img loading=\"lazy\" decoding=\"async\" class=\"size-full wp-image-414 alignnone\" src=\"https:\/\/transcrim.pravo.unizg.hr\/wp-content\/uploads\/2015\/11\/pdf_icon.gif\" alt=\"pdf_icon\" width=\"35\" height=\"17\" \/><\/li>\n<li><a href=\"https:\/\/transcrim.pravo.unizg.hr\/wp-content\/uploads\/2015\/legislation\/Directive-2011-36-EU.pdf\">Direktiva 2011\/36\/EU o prevenciji i borbi protiv trgovanja ljudima i za\u0161titi \u017ertava trgovanja ljudima od 5.4.2011.g.<\/a><img loading=\"lazy\" decoding=\"async\" class=\"size-full wp-image-414 alignnone\" src=\"https:\/\/transcrim.pravo.unizg.hr\/wp-content\/uploads\/2015\/11\/pdf_icon.gif\" alt=\"pdf_icon\" width=\"35\" height=\"17\" \/><\/li>\n<\/ul>\n","protected":false},"excerpt":{"rendered":"<p>NATIONAL LEGAL FRAMEWORK\u00a0FOR HUMAN TRAFFICKING Kazneni zakon (NN 110\/97, 27\/98, 129\/00, 51\/01 i 105\/04, 84\/05, 71\/06 i 152\/08, 125\/11,144\/12, 56\/15, 61\/15) Zakon o kaznenom postupku (NN 110\/97, 27\/98, 58\/99, 112\/99, 62\/03, 58\/02, 143\/02, 115\/06,152\/08, 76\/09, 80\/11, 121\/11, 91\/12,143\/12, 56\/13, 145\/13, 152\/14)\u00a0 Zakon o USKOK-u (NN 88\/01, 12\/02, 33\/05, 48\/05, 76\/0, 76\/09, 116\/10, 145\/10, 57\/11, 136\/12,148\/13)\u00a0&#8230;<\/p>\n","protected":false},"author":2,"featured_media":0,"parent":0,"menu_order":0,"comment_status":"closed","ping_status":"closed","template":"","meta":{"footnotes":""},"_links":{"self":[{"href":"https:\/\/transcrim.pravo.unizg.hr\/index.php\/wp-json\/wp\/v2\/pages\/76"}],"collection":[{"href":"https:\/\/transcrim.pravo.unizg.hr\/index.php\/wp-json\/wp\/v2\/pages"}],"about":[{"href":"https:\/\/transcrim.pravo.unizg.hr\/index.php\/wp-json\/wp\/v2\/types\/page"}],"author":[{"embeddable":true,"href":"https:\/\/transcrim.pravo.unizg.hr\/index.php\/wp-json\/wp\/v2\/users\/2"}],"replies":[{"embeddable":true,"href":"https:\/\/transcrim.pravo.unizg.hr\/index.php\/wp-json\/wp\/v2\/comments?post=76"}],"version-history":[{"count":0,"href":"https:\/\/transcrim.pravo.unizg.hr\/index.php\/wp-json\/wp\/v2\/pages\/76\/revisions"}],"wp:attachment":[{"href":"https:\/\/transcrim.pravo.unizg.hr\/index.php\/wp-json\/wp\/v2\/media?parent=76"}],"curies":[{"name":"wp","href":"https:\/\/api.w.org\/{rel}","templated":true}]}}