{"id":873,"date":"2016-11-11T12:31:58","date_gmt":"2016-11-11T12:31:58","guid":{"rendered":"http:\/\/transcrim.pravo.unizg.hr\/?page_id=873"},"modified":"2018-01-14T16:32:02","modified_gmt":"2018-01-14T16:32:02","slug":"c6","status":"publish","type":"page","link":"https:\/\/transcrim.pravo.unizg.hr\/index.php\/c6\/","title":{"rendered":"<h3>Croatian Academic Anti- Corruption Gateway (ACROWAY)<\/h3>"},"content":{"rendered":"<table border=\"0\" width=\"90%\">\n<tbody>\n<tr>\n<td>\n<table border=\"0\" width=\"200\" align=\"right\">\n<tbody>\n<tr>\n<td style=\"text-align: center;\" width=\"60\"><a href=\"https:\/\/transcrim.pravo.unizg.hr\/index.php\/c5\">\u00a0Previous<\/a><\/td>\n<td style=\"text-align: center;\" width=\"40\"><a href=\"https:\/\/transcrim.pravo.unizg.hr\/index.php\/c5\/\"><img loading=\"lazy\" decoding=\"async\" class=\"aligncenter wp-image-583 size-full\" src=\"https:\/\/transcrim.pravo.unizg.hr\/wp-content\/uploads\/2016\/01\/panel_left_over-e1453826653583.png\" alt=\"panel_left_over\" width=\"20\" height=\"20\" \/><\/a><\/td>\n<td style=\"text-align: center;\" width=\"40\"><a href=\"https:\/\/transcrim.pravo.unizg.hr\/index.php\/c1\/\"><img loading=\"lazy\" decoding=\"async\" class=\"aligncenter wp-image-584 size-full\" src=\"https:\/\/transcrim.pravo.unizg.hr\/wp-content\/uploads\/2016\/01\/panel_right_over-e1453826639441.png\" alt=\"panel_right_over\" width=\"20\" height=\"20\" \/><\/a><\/td>\n<td style=\"text-align: left;\" width=\"60\">\u00a0<a href=\"https:\/\/transcrim.pravo.unizg.hr\/index.php\/c1\/\">Next<\/a><\/td>\n<\/tr>\n<\/tbody>\n<\/table>\n<\/td>\n<\/tr>\n<tr>\n<td>\u00a0\u00a0\u00a0<h2 id=\"tablepress-22-name\" class=\"tablepress-table-name tablepress-table-name-id-22\"><h5>Osu\u0111eni punoljetni po\u010dinitelji prema koruptivnim kaznenim djelima i izre\u010denim kaznenim sankcijama u 2014. godini u RH<\/h5><\/h2>\n\n<table id=\"tablepress-22\" class=\"tablepress tablepress-id-22\" aria-labelledby=\"tablepress-22-name\">\n<thead>\n<tr class=\"row-1 odd\">\n\t<th class=\"column-1\">KORUPTIVNA KAZNENA DJELA<\/th><th class=\"column-2\">UKUPNO<\/th><th class=\"column-3\">KAZNA ZATVORA<\/th><th class=\"column-4\">NOV\u010cANA KAZNA<\/th><th class=\"column-5\">UVJETNA OSUDA<\/th>\n<\/tr>\n<\/thead>\n<tbody class=\"row-hover\">\n<tr class=\"row-2 even\">\n\t<td class=\"column-1\">Zlouporaba polo\u017e\u009eaja i ovlasti<\/td><td class=\"column-2\">150<\/td><td class=\"column-3\">60<\/td><td class=\"column-4\">-<\/td><td class=\"column-5\">90<\/td>\n<\/tr>\n<tr class=\"row-3 odd\">\n\t<td class=\"column-1\">Trgovanje utjecajem<\/td><td class=\"column-2\">6<\/td><td class=\"column-3\">4<\/td><td class=\"column-4\">-<\/td><td class=\"column-5\">2<\/td>\n<\/tr>\n<tr class=\"row-4 even\">\n\t<td class=\"column-1\">Primanje mita<\/td><td class=\"column-2\">289<\/td><td class=\"column-3\">183<\/td><td class=\"column-4\">-<\/td><td class=\"column-5\">106<\/td>\n<\/tr>\n<tr class=\"row-5 odd\">\n\t<td class=\"column-1\">Davanje mita<\/td><td class=\"column-2\">45<\/td><td class=\"column-3\">13<\/td><td class=\"column-4\">-<\/td><td class=\"column-5\">32<\/td>\n<\/tr>\n<tr class=\"row-6 even\">\n\t<td class=\"column-1\">Davanje mita za trgovanje utjecajem<\/td><td class=\"column-2\">6<\/td><td class=\"column-3\">-<\/td><td class=\"column-4\">-<\/td><td class=\"column-5\">6<\/td>\n<\/tr>\n<tr class=\"row-7 odd\">\n\t<td class=\"column-1\">Nezakonito pogodovanje<\/td><td class=\"column-2\">3<\/td><td class=\"column-3\">3<\/td><td class=\"column-4\">-<\/td><td class=\"column-5\">-<\/td>\n<\/tr>\n<\/tbody>\n<\/table>\n<!-- #tablepress-22 from cache --><\/td>\n<\/tr>\n<tr>\n<td><\/td>\n<\/tr>\n<\/tbody>\n<\/table>\n","protected":false},"excerpt":{"rendered":"<p>\u00a0Previous \u00a0Next \u00a0\u00a0\u00a0<\/p>\n","protected":false},"author":2,"featured_media":0,"parent":0,"menu_order":0,"comment_status":"closed","ping_status":"closed","template":"","meta":{"footnotes":""},"_links":{"self":[{"href":"https:\/\/transcrim.pravo.unizg.hr\/index.php\/wp-json\/wp\/v2\/pages\/873"}],"collection":[{"href":"https:\/\/transcrim.pravo.unizg.hr\/index.php\/wp-json\/wp\/v2\/pages"}],"about":[{"href":"https:\/\/transcrim.pravo.unizg.hr\/index.php\/wp-json\/wp\/v2\/types\/page"}],"author":[{"embeddable":true,"href":"https:\/\/transcrim.pravo.unizg.hr\/index.php\/wp-json\/wp\/v2\/users\/2"}],"replies":[{"embeddable":true,"href":"https:\/\/transcrim.pravo.unizg.hr\/index.php\/wp-json\/wp\/v2\/comments?post=873"}],"version-history":[{"count":0,"href":"https:\/\/transcrim.pravo.unizg.hr\/index.php\/wp-json\/wp\/v2\/pages\/873\/revisions"}],"wp:attachment":[{"href":"https:\/\/transcrim.pravo.unizg.hr\/index.php\/wp-json\/wp\/v2\/media?parent=873"}],"curies":[{"name":"wp","href":"https:\/\/api.w.org\/{rel}","templated":true}]}}